me?
True
Let v(i) be the second derivative of 5*i**3 + i**2/2 - i. Is v(1) a prime number?
True
Suppose 5*j + 0*j - 19745 = 0. Is j a composite number?
True
Suppose 3*u = -u + 148. Is u composite?
False
Let q = -7 - -5. Let t = 10 - q. Is (-2)/(-1) + t + -1 a prime number?
True
Suppose -8*c + 6159 = -5*c. Is c a prime number?
True
Let n(f) = -f**3 - 4*f**2 + 2. Let l be n(-4). Suppose 0 = -v - a + 4, 5*a + 20 = 5*v. Is 4*(6/v + l) composite?
True
Let j(s) = -s - 3. Let u be j(-6). Suppose y - 6*y + 3*v + u = 0, 35 = 5*y + 5*v. Is (-356)/6*y/(-2) a prime number?
True
Let z(s) = 4*s**2 - 2*s - 3. Let k be z(-1). Let t(b) = -b**3 + 5*b**2 + 7*b - 7. Let o be t(6). Is o + 20 + 0/k a composite number?
False
Is (-9002)/(-35) + 1/(-5) prime?
True
Let h(g) be the first derivative of -g**4/4 - 2*g**3 + 3*g**2 - g - 4. Is h(-8) a prime number?
True
Is 1839 + 1/(-2)*8 composite?
True
Let l(r) = 50*r**2 - 2*r + 1. Suppose 2*z + 7 = c, 0*z + 2 = -4*c - 2*z. Is l(c) prime?
False
Let j(i) = 4*i**3 + 2*i**2 - i - 1. Let k be (0 - -1) + (2 - 1). Is j(k) prime?
True
Let m = 5 - 1. Is 1581/m - (-2)/(-8) composite?
True
Let b(g) be the second derivative of -62*g**3/3 - g**2/2 - g. Suppose d - 4*q + 13 = 0, 0 = -2*d + 5*d - 3*q + 12. Is b(d) composite?
True
Suppose n - 3*n + 4 = 0. Let v = 4 - n. Suppose 2*x - 6 = 0, -x = v*u + x - 68. Is u composite?
False
Suppose 15*o - 6538 = 5777. Is o prime?
True
Let y(x) = -3*x**2 - 9*x. Let a(c) = c**2 + 4*c. Let m(u) = 5*a(u) + 2*y(u). Let n be m(3). Is 11*(n - -4) - -3 prime?
False
Suppose 5 = 2*w - 57. Suppose -111 = 5*l - w. Let g = l + 93. Is g prime?
False
Suppose 3*a + 8 = 3*q - 13, 3*a = -2*q - 1. Let j(b) = -b + 3. Let k be j(q). Let u(r) = -77*r**3 + r**2 + r. Is u(k) a composite number?
True
Let x(u) = 54*u**2 + u. Let y be x(-3). Suppose -2*h - y = -1359. Is (-1)/(-2) + h/12 prime?
True
Suppose -4*i + 3*t = -t - 4, -3*i - 5*t = -19. Suppose i*y = -y + 20. Suppose -2*g - 3 = y*d, 6*g - 2*g + 2*d - 34 = 0. Is g a prime number?
True
Let z(k) = -k**3 + 5*k**2 + 4*k + 6. Let q be z(6). Let x(u) = -4*u - 1. Is x(q) prime?
True
Let y(s) be the third derivative of -s**6/120 + s**5/6 - s**4/3 - 3*s**3/2 - s**2. Suppose -3 = x, 3*x - 41 = -4*g + 6*x. Is y(g) composite?
True
Let u(g) = -g**3 - 7*g**2 + 5*g - 3. Let x be 2/13 - 106/13. Let v(a) = -a**2 - 7*a. Let i be v(x). Is u(i) a prime number?
False
Suppose -8*w + 5*w = -429. Is w a composite number?
True
Let i be 1 - (3 + -7) - 3. Suppose 3*l + 2*a = i*l + 9, 5*l - a = 78. Is l prime?
False
Suppose -5*r + 2 = -8. Suppose -i - 5 = -r*l, -6 = 5*i + 19. Is 1/((-2)/(-106) - l) a composite number?
False
Suppose 4*h = h + t + 14, 13 = -4*h - 5*t. Suppose -7 = 2*r - h*r. Is r composite?
False
Let q(w) = -w**3 - w**2 + w - 8. Let d be q(0). Let s = -7 - d. Let t(i) = 92*i**2 + 1. Is t(s) composite?
True
Suppose -2*g + 570 = 5*s - 1335, 5*s - 3*g - 1880 = 0. Is s a composite number?
False
Suppose -3*i - 14 = 5*d, -i + 4*d = -2*i. Let q = -22 - 47. Is q/(-2) - i/(-16) prime?
False
Let u(l) = -l**3 - 5*l**2 - 2*l + 7. Suppose -5*y + 3 = -12. Let h(r) = -r**2 + r. Let c be h(y). Is u(c) a composite number?
True
Let w(v) = 392*v - 12. Let c be w(10). Suppose 4*a = 8*a - c. Is a prime?
True
Let i(g) = 16*g**2 + 14*g - 21. Is i(5) composite?
False
Let t be (-1)/(2/(-4)) - -1. Suppose -2*q + 65 = t*q. Is q a prime number?
True
Let c be (-60)/(-27) + 4/(-18). Suppose 2*m + c = -0. Is (-203)/(m/(1 + 0)) a composite number?
True
Suppose 5*a = -5*o + 4*o + 1283, a = 2*o + 261. Suppose 4*x - 3*q = a, 5*q - 9*q = -x + 61. Is x a prime number?
False
Let h = 64 + -118. Let u = h - -245. Is u prime?
True
Let a = -10 - -7. Let g(b) = 2*b + 3. Let l be g(a). Is (47/l)/((-2)/6) composite?
False
Is (-4)/34 - 109572/(-204) prime?
False
Is (-1)/((-759)/(-381) + -2) a prime number?
True
Let f be (-12)/(1*2/7). Let z be 2/6 + f/(-9). Suppose -8*p + z*p + 171 = 0. Is p a composite number?
True
Let l = 1545 - 808. Is l prime?
False
Let d = -43 + 234. Is d a prime number?
True
Let d = -2 - -4. Suppose -d*k = 4*t + 230 - 660, 4*k + 3*t - 865 = 0. Is k a composite number?
True
Let d(l) be the third derivative of l**5/60 + 5*l**4/24 + l**3/3 - l**2. Let c be d(-4). Is (13/c)/(2/(-44)) prime?
False
Let y = 2086 - 873. Is y prime?
True
Suppose 0 = -4*d - 41 - 63. Let f = 11 - d. Is (f + 1 + -1)*1 a prime number?
True
Let t be 4 + -1 + (-3 - -3). Suppose 0*k = 5*k, f = -t*k + 77. Is f a composite number?
True
Suppose 2*n + 1150 = 5*z + 101, 15 = 5*n. Is z a composite number?
False
Let b = 1 + -1. Let g be (0 + -1)*(-5 - (3 + -6)). Suppose g*z - 10 - 82 = b. Is z a composite number?
True
Let o(l) = -l - 4. Let k(i) = i - 6. Let z be k(6). Let b be o(z). Let w(f) = 2*f**2 + 4*f + 6. Is w(b) prime?
False
Let z(b) = 6*b**2 + b + 2. Let v be z(-3). Let h = v - 16. Is h a composite number?
False
Let z be 1226/(-17) + 18/153. Is 1/(-4) - 48762/z composite?
False
Suppose 0 = 2*o - 5*p + 1, -1 = -2*o + 2*p + p. Let x be (-5)/(o/(-10) - 0). Suppose x - 4 = d. Is d a composite number?
True
Let w(t) = -279*t**3 - 2*t**2 - t. Let x be w(-1). Suppose 131 = b - x. Is b a composite number?
False
Suppose -9*s + 1465 = -4*s - 2*b, 0 = 5*s + 4*b - 1465. Is s prime?
True
Let d = 22 + -15. Let m be d - 1 - (-1 - -3). Suppose -5*p - 49 = -2*y, -3*y + m*p + 53 = -38. Is y prime?
True
Is 21/7 - (2 - 966) a prime number?
True
Is ((-2517)/(-6))/((-2)/(-4)) composite?
False
Let r(n) = 8 - 5 - 12*n + n**2 + 8. Let m be r(11). Suppose m = -3*j + 7*j - 140. Is j a prime number?
False
Let b = -97 - -100. Let o be ((-21)/2)/1*-4. Suppose -b*g = -g - o. Is g prime?
False
Let u = -10 - -2. Let x be ((-6)/(-4))/((-4)/u). Suppose 20 = -x*d + 251. Is d prime?
False
Suppose 0*z - 12 = -4*z, -3*z + 3355 = 2*s. Is s composite?
True
Is 1 + (42710/25 - (-2)/(-5)) composite?
False
Let w be 1/(-2)*(-4)/2. Let u = 3 - w. Is u*((-59)/(-2) - 2) a prime number?
False
Suppose 2*s - 399 = 3*h, 2*s + 5*h = -3*s + 1010. Suppose 4*p + 77 - s = 0. Is p composite?
False
Suppose -n - 40 = -4*n + 2*h, -4*h = 4*n - 40. Suppose -3*u + n = -3. Suppose u*a + 2*y + 0*y = 243, 20 = 5*y. Is a a prime number?
True
Let x(f) = -2*f + 2. Let y be x(0). Suppose 3*d - y*d - 78 = 5*o, -2*d + 136 = -5*o. Is d a composite number?
True
Suppose 5*t - 2*i - 1675 = 0, i - 15 = -2*i. Is t composite?
False
Suppose -5*a - 5*i = -0*a - 190, -5*a = -5*i - 140. Let o = -20 + a. Is o a composite number?
False
Let y(q) = q**3 + 6*q**2 + 2*q - 3. Let w(o) = -4*o**2 + o + 1. Let a be w(-1). Is y(a) composite?
True
Let q = 6 + 77. Suppose -4*i = -223 + q. Is i a prime number?
False
Let t = 4 - 3. Let h be t*(-45)/(-6)*4. Suppose h = 4*o + o. Is o a prime number?
False
Suppose -2*k = 3*k. Suppose k = -0*d - d + 3*s + 179, -3*s + 967 = 5*d. Is d composite?
False
Suppose q - 1055 = -4*q. Is q a composite number?
False
Let d(j) = -j**3 - j. Let g(x) = 5*x**3 + 3*x**2 + 8*x - 1. Let v(q) = 6*d(q) + g(q). Let h = -1 - 2. Is v(h) a composite number?
False
Let p = 292 - -985. Is p a composite number?
False
Let o be 2 - (1 + -1 - 1). Let i(b) = -2*b**o + 3*b**3 - 1 + 10*b**2 - 3*b**2. Is i(-5) prime?
False
Suppose 2*z = 2508 + 2450. Is z composite?
True
Suppose -3*l = -2*c - c + 3, -6 = 2*l - 3*c. Suppose -m + 2*j = -2*j + 13, -12 = -l*m - 5*j. Is (-69 + 3 + m)/(-1) composite?
False
Suppose 4*c + 5 = -3. Is 6/c*(-106)/6 composite?
False
Let a be (8 + 6/3)/1. Let g(j) = 2*j**2 - 13*j - 13. Let m be g(a). Let u = 88 - m. Is u a composite number?
False
Suppose 2589 = -23*p + 26*p. Is p composite?
False
Suppose -2*u - 5*j = 14, -5*u + 0*j + 5*j = -35. Let z(p) = 67*p + 2. Is z(u) a composite number?
True
Is ((-10)/6 - (-4)/6)*-163 a prime number?
True
Suppose 3*n - 8 = 1. Suppose 2*a - 25 = -n*a. Suppose -3*t = -3*d - t + 16, 5 = a*t. Is d a composite number?
True
Let v(d) = -d - 1. Let j(h) = 117*h + 4. Let g(n) = j(n) + 4*v(n). Suppose -3*s - 2*s + 5 = 0. Is g(s) composite?
False
Let b = -29 - -66. Is b a prime number?
True
Suppose 3*c = c. Let h(z) = 41 - z - z**2 + 0*z**2 + 6. Is h(c) a prime number?
True
Let n = 17 + -15. Suppose -n*a + 0*a = -46. Is a a prime number?
True
Let m(c) be the third derivative of -c**6/90 + c**5/24 - c**4/6 + 3*c**2. Let n(j) be the second derivative of m(j). Is n(-6) a 